{"id":5,"date":"2021-07-13T14:50:50","date_gmt":"2021-07-13T12:50:50","guid":{"rendered":"http:\/\/int-strupen.sandsdalen.net\/?page_id=5"},"modified":"2021-09-21T13:29:42","modified_gmt":"2021-09-21T11:29:42","slug":"lag-ditt-nettsted-med-blokker","status":"publish","type":"page","link":"https:\/\/www.strupen.no\/","title":{"rendered":"Forside"},"content":{"rendered":"\n<h2 class=\"alignwide has-text-align-wide has-gigantic-font-size wp-block-heading\" style=\"line-height:1.1\">Strupen<\/h2>\n\n\n\n<div class=\"wp-block-columns alignwide are-vertically-aligned-center is-style-twentytwentyone-columns-overlap is-layout-flex wp-container-core-columns-is-layout-9d6595d7 wp-block-columns-is-layout-flex\">\n<div class=\"wp-block-column is-vertically-aligned-center is-layout-flow wp-block-column-is-layout-flow\">\n<figure class=\"wp-block-image alignfull size-large is-style-twentytwentyone-border\"><img decoding=\"async\" src=\"\/wp-content\/uploads\/2021\/07\/juksavatn-1.jpg\" alt=\"\"\/><figcaption>Juksavatn<\/figcaption><\/figure>\n\n\n\n<p><\/p>\n\n\n\n<div style=\"height:100px\" aria-hidden=\"true\" class=\"wp-block-spacer\"><\/div>\n\n\n\n<figure class=\"wp-block-image alignfull size-large is-style-twentytwentyone-border\"><img decoding=\"async\" src=\"\/wp-content\/uploads\/2021\/07\/suv-20170827-2.jpg\" alt=\"\"\/><figcaption>Ishavskysten Friluftsr\u00e5d&#8217; sin 10 \u00e5rs feiring ved Juksavatnet<\/figcaption><\/figure>\n<\/div>\n\n\n\n<div class=\"wp-block-column is-vertically-aligned-center is-layout-flow wp-block-column-is-layout-flow\">\n<div style=\"height:100px\" aria-hidden=\"true\" class=\"wp-block-spacer\"><\/div>\n\n\n\n<figure class=\"wp-block-image size-large alignfull size-full is-style-twentytwentyone-border\"><img decoding=\"async\" src=\"\/wp-content\/uploads\/2021\/07\/velkommen-edited-628x1024.jpg\" alt=\"\"\/><figcaption>Velkommen til Strupen.<\/figcaption><\/figure>\n\n\n\n<p><\/p>\n\n\n\n<p><\/p>\n<\/div>\n<\/div>\n\n\n\n<div style=\"height:50px\" aria-hidden=\"true\" class=\"wp-block-spacer\"><\/div>\n\n\n\n<div class=\"wp-block-columns alignwide are-vertically-aligned-top is-layout-flex wp-container-core-columns-is-layout-9d6595d7 wp-block-columns-is-layout-flex\">\n<div class=\"wp-block-column is-vertically-aligned-top is-layout-flow wp-block-column-is-layout-flow\">\n<h3 class=\"wp-block-heading\">Kort om Strupen<\/h3>\n\n\n\n<p>I Strupen bodde det p\u00e5 det meste rundt 130 innbyggere.<\/p>\n\n\n\n<p><a href=\"\/index.php\/kort-historie-om-strupen\/\" data-type=\"page\">Les mer&#8230;<\/a><\/p>\n<\/div>\n\n\n\n<div class=\"wp-block-column is-vertically-aligned-top is-layout-flow wp-block-column-is-layout-flow\">\n<h3 class=\"wp-block-heading\">Nyheter<\/h3>\n\n\n<ul class=\"wp-block-latest-posts__list wp-block-latest-posts\"><li><a class=\"wp-block-latest-posts__post-title\" href=\"https:\/\/www.strupen.no\/index.php\/2024\/04\/04\/strupskarrennet-2024\/\">Strupskarrennet &#8211; 2024<\/a><\/li>\n<li><a class=\"wp-block-latest-posts__post-title\" href=\"https:\/\/www.strupen.no\/index.php\/2023\/03\/07\/strupskarrennet\/\">Strupskarrennet<\/a><\/li>\n<li><a class=\"wp-block-latest-posts__post-title\" href=\"https:\/\/www.strupen.no\/index.php\/2023\/01\/30\/arsmote-2023\/\">\u00c5rsm\u00f8te 2023<\/a><\/li>\n<li><a class=\"wp-block-latest-posts__post-title\" href=\"https:\/\/www.strupen.no\/index.php\/2022\/08\/22\/apen-dag-ved-juksavatn-sondag-11-september-2022\/\">\u00c5pen dag ved Juksavatn &#8211;  S\u00f8ndag 11. september 2022<\/a><\/li>\n<li><a class=\"wp-block-latest-posts__post-title\" href=\"https:\/\/www.strupen.no\/index.php\/2022\/06\/08\/kanodag-for-sma-og-store-v-juksavatn-29-6-22-kl-12-18\/\">\u00c5pen aktivitetsdag v\/Juksavatn onsdag 29.6.22 kl 12-15.<\/a><\/li>\n<\/ul><\/div>\n\n\n\n<div class=\"wp-block-column is-vertically-aligned-top is-layout-flow wp-block-column-is-layout-flow\">\n<h3 class=\"wp-block-heading\">Grasrotandelen<\/h3>\n\n\n\n<div class=\"wp-block-image\"><figure class=\"aligncenter size-large\"><img decoding=\"async\" src=\"\/wp-content\/uploads\/2021\/07\/grasrotandelen.jpg\" alt=\"\"\/><\/figure><\/div>\n\n\n\n<p>Du kan st\u00f8ttet Strupen utviklingslag  ved \u00e5 v\u00e6re grasrotgiver.<\/p>\n\n\n\n<p><a href=\"http:\/\/int-strupen.sandsdalen.net\/index.php\/grasrotandelen-2\/\" data-type=\"URL\">Les<\/a><a href=\"\/index.php\/grasrotandelen-2\/\" data-type=\"URL\"> mer&#8230;<\/a><\/p>\n<\/div>\n<\/div>\n","protected":false},"excerpt":{"rendered":"<p>Strupen Kort om Strupen I Strupen bodde det p\u00e5 det meste rundt 130 innbyggere. Les mer&#8230; Nyheter Grasrotandelen Du kan st\u00f8ttet Strupen utviklingslag ved \u00e5 v\u00e6re grasrotgiver. Les mer&#8230;<\/p>\n","protected":false},"author":1,"featured_media":0,"parent":0,"menu_order":0,"comment_status":"closed","ping_status":"closed","template":"","meta":{"footnotes":""},"categories":[],"tags":[],"class_list":["post-5","page","type-page","status-publish","hentry","entry"],"_links":{"self":[{"href":"https:\/\/www.strupen.no\/index.php\/wp-json\/wp\/v2\/pages\/5","targetHints":{"allow":["GET"]}}],"collection":[{"href":"https:\/\/www.strupen.no\/index.php\/wp-json\/wp\/v2\/pages"}],"about":[{"href":"https:\/\/www.strupen.no\/index.php\/wp-json\/wp\/v2\/types\/page"}],"author":[{"embeddable":true,"href":"https:\/\/www.strupen.no\/index.php\/wp-json\/wp\/v2\/users\/1"}],"replies":[{"embeddable":true,"href":"https:\/\/www.strupen.no\/index.php\/wp-json\/wp\/v2\/comments?post=5"}],"version-history":[{"count":15,"href":"https:\/\/www.strupen.no\/index.php\/wp-json\/wp\/v2\/pages\/5\/revisions"}],"predecessor-version":[{"id":166,"href":"https:\/\/www.strupen.no\/index.php\/wp-json\/wp\/v2\/pages\/5\/revisions\/166"}],"wp:attachment":[{"href":"https:\/\/www.strupen.no\/index.php\/wp-json\/wp\/v2\/media?parent=5"}],"wp:term":[{"taxonomy":"category","embeddable":true,"href":"https:\/\/www.strupen.no\/index.php\/wp-json\/wp\/v2\/categories?post=5"},{"taxonomy":"post_tag","embeddable":true,"href":"https:\/\/www.strupen.no\/index.php\/wp-json\/wp\/v2\/tags?post=5"}],"curies":[{"name":"wp","href":"https:\/\/api.w.org\/{rel}","templated":true}]}}