{"id":190,"date":"2022-03-13T20:25:32","date_gmt":"2022-03-13T19:25:32","guid":{"rendered":"https:\/\/www.strupen.no\/?page_id=190"},"modified":"2022-03-13T20:25:32","modified_gmt":"2022-03-13T19:25:32","slug":"informasjonskriv-fra-strupen-utviklingslag-2021-22","status":"publish","type":"page","link":"https:\/\/www.strupen.no\/index.php\/informasjonskriv-fra-strupen-utviklingslag-2021-22\/","title":{"rendered":"INFORMASJONSKRIV FRA STRUPEN UTVIKLINGSLAG 2021\/22"},"content":{"rendered":"\n<p>Ogs\u00e5 i 2021 har aktivitetsniv\u00e5et v\u00e6rt noe begrenset pga covid-restriksjoner, men en medlemsdag, 17 mai tog og fakkeltog p\u00e5 nytt\u00e5rsaften har vi f\u00e5tt gjennomf\u00f8rt. <\/p>\n\n\n\n<p>Sigurdfj\u00f8set har f\u00e5tt sine dugnadstimer og begynner \u00e5 n\u00e6rme seg fullf\u00f8rt, men en del sm\u00e5ting + pussing\/ maling av utvendig mur og ferdigstillelse av `husdyrrommet ` gjenst\u00e5r. Det elektriske anlegget er ferdigstillet og godkjent. <\/p>\n\n\n\n<p>V\u00e5rrydding langs veien fra H\u00f8gda til Juksavatnet ble ogs\u00e5 gjennomf\u00f8rt. <\/p>\n\n\n\n<p>Ellers har laget gjennomf\u00f8rt sine forpliktelser i henhold til driftsavtale med Balsfjord kommune ved Juksavatn. Arbeidet er noks\u00e5 omfattende med vedlikehold, maling\/beising, s\u00f8rge for ved til begge gapahukene, beplanting ved gapahuken, utsetting\/opptak av flytebrygge (med hjelp fra Nysted bygg som stiller med kranbil), rydding av turstier, s\u00f8rge for t\u00f8mming av toalett, renhold av toalett, t\u00f8mming av s\u00f8ppel og generell rydding av s\u00f8ppel. Driftsavtalen med kommunen er ogs\u00e5 revidert og laget vil motta en st\u00f8rre kompensasjon for det arbeidet laget utf\u00f8rer ved Juksavatn.<\/p>\n\n\n\n<p>Laget har ogs\u00e5 p\u00e5tatt seg jobben med \u00e5 sette opp et planlagt utedo p\u00e5 Langnesodden til sommeren. Ellers vil laget il\u00f8pet av v\u00e5ren begynne \u00e5 \u00e5pne opp utsikten fra veien mellom parkeringen og Langnesodden ved \u00e5 fjerne en god del skog mellom veien og vatnet. Laget var ogs\u00e5 behjelpelig med Balsfjord Turlags sitt arrangement ved Juksavatn. Vi hadde ansvaret for kaffekoking og grilling \/ servering av p\u00f8lser. Totalt er det utf\u00f8rt 317 dugnadstimer. <\/p>\n\n\n\n<p>Den tidligere diskuterte rullestolstien fra parkeringen til utp\u00e5 Langnesodden har Ishavskysten friluftsr\u00e5d, Balsfjord kommune og Utviklingslaget blitt enige om \u00e5 skrinlegge. \u00c5rsaken er prosjektets omfattende inngripen, store kostnad og nyttegrad veid opp mot andre prosjekter. <\/p>\n\n\n\n<p>Den etterlengta mobilmasta kom i h\u00f8st opp p\u00e5 Juksafjellet og tidsregninga i Strupen og omegn kan sies \u00e5 v\u00e6re f\u00f8r og etter god mobildekning for Telenor kunder i hvert fall.<\/p>\n\n\n\n<p>Strupen utviklingslag vil planlegge flere arrangement utover v\u00e5ren, sommeren og h\u00f8sten. Det planlegges for \u00e5 gjennomf\u00f8re Gullstrupen etter 2 \u00e5r hvor dette arrangementet har blitt avlyst. <\/p>\n\n\n\n<p>Vi vil for donasjonen laget fikk h\u00f8sten 2020, kj\u00f8pe inn flere bord med benker som vil bli satt ut b\u00e5de rundt vatnet og langs veien ned mot bygda. Bl.a. vil vi rydde vei ned til R\u00f8nningsen og rydde en egnet plass for et bord med benker der. Kanoene vil bli mulig \u00e5 l\u00e5ne til sommeren og det planlegges for innkj\u00f8p av nye redningsvester.<\/p>\n\n\n\n<p>\u00d8konomien i laget holder seg god og Strupen utviklingslag er sv\u00e6rt takknemlige for alle bidrag slik som dugnader, gaver, kontigenter, driftskompensasjon fra kommunen og grasrotandeler. Dette er midler som er med p\u00e5 \u00e5 skape trivsel i bygda og opprettholder omr\u00e5det rundt Juksavatn som <strong>PERLEN I BALSFJORD<\/strong>.<\/p>\n\n\n\n<p>Styret i 2022 er det samme som foreg\u00e5ende \u00e5r.<\/p>\n\n\n\n<p>Leder Oddvar S-Olavsen<br>Nestleder Konrad Faljord<br>Kasserer Emmy Bryntesen <br>Sekret\u00e6r Randi O-Sommervik <br>Styremedlem Svend-Harald Stensland <br>1 vara Siv Heggem Bj\u00f8rklund <br>2 vara Peder Vonheim<\/p>\n\n\n\n<p><strong>Styret takker hjerteligst alle bidragsytere, sponsorer, samarbeidspartnere, medlemmer og st\u00f8ttemedlemmer for \u00e5ret som er g\u00e5tt og h\u00e5per p\u00e5 at alle \u00f8nsker \u00e5 st\u00f8tte laget det kommende \u00e5ret ogs\u00e5.<\/strong><\/p>\n\n\n\n<p><strong>Kontingentpriser:<\/strong> Fullt medlemskap iht. vedtektene: kr. 300,- St\u00f8ttemedlem enkel: kr 200,- St\u00f8ttemedlem familie: kr. 300,-<\/p>\n\n\n\n<p>Kontingent kan betales inn p\u00e5 <strong>konto: 4776 18 82879 eller vipps: 118567<\/strong> Kan ogs\u00e5 betales kontant til et av styrets medlemmer.<\/p>\n\n\n\n<p>Med vennligst hilsen Styret i Strupen Utviklingslag<\/p>\n","protected":false},"excerpt":{"rendered":"<p>Ogs\u00e5 i 2021 har aktivitetsniv\u00e5et v\u00e6rt noe begrenset pga covid-restriksjoner, men en medlemsdag, 17 mai tog og fakkeltog p\u00e5 nytt\u00e5rsaften har vi f\u00e5tt gjennomf\u00f8rt. Sigurdfj\u00f8set har f\u00e5tt sine dugnadstimer og begynner \u00e5 n\u00e6rme seg fullf\u00f8rt, men en del sm\u00e5ting + pussing\/ maling av utvendig mur og ferdigstillelse av `husdyrrommet ` gjenst\u00e5r. Det elektriske anlegget er&hellip; <a class=\"more-link\" href=\"https:\/\/www.strupen.no\/index.php\/informasjonskriv-fra-strupen-utviklingslag-2021-22\/\">Fortsett \u00e5 lese <span class=\"screen-reader-text\">INFORMASJONSKRIV FRA STRUPEN UTVIKLINGSLAG 2021\/22<\/span><\/a><\/p>\n","protected":false},"author":1,"featured_media":0,"parent":0,"menu_order":0,"comment_status":"open","ping_status":"closed","template":"","meta":{"footnotes":""},"categories":[9],"tags":[],"class_list":["post-190","page","type-page","status-publish","hentry","category-informasjon","entry"],"_links":{"self":[{"href":"https:\/\/www.strupen.no\/index.php\/wp-json\/wp\/v2\/pages\/190","targetHints":{"allow":["GET"]}}],"collection":[{"href":"https:\/\/www.strupen.no\/index.php\/wp-json\/wp\/v2\/pages"}],"about":[{"href":"https:\/\/www.strupen.no\/index.php\/wp-json\/wp\/v2\/types\/page"}],"author":[{"embeddable":true,"href":"https:\/\/www.strupen.no\/index.php\/wp-json\/wp\/v2\/users\/1"}],"replies":[{"embeddable":true,"href":"https:\/\/www.strupen.no\/index.php\/wp-json\/wp\/v2\/comments?post=190"}],"version-history":[{"count":1,"href":"https:\/\/www.strupen.no\/index.php\/wp-json\/wp\/v2\/pages\/190\/revisions"}],"predecessor-version":[{"id":191,"href":"https:\/\/www.strupen.no\/index.php\/wp-json\/wp\/v2\/pages\/190\/revisions\/191"}],"wp:attachment":[{"href":"https:\/\/www.strupen.no\/index.php\/wp-json\/wp\/v2\/media?parent=190"}],"wp:term":[{"taxonomy":"category","embeddable":true,"href":"https:\/\/www.strupen.no\/index.php\/wp-json\/wp\/v2\/categories?post=190"},{"taxonomy":"post_tag","embeddable":true,"href":"https:\/\/www.strupen.no\/index.php\/wp-json\/wp\/v2\/tags?post=190"}],"curies":[{"name":"wp","href":"https:\/\/api.w.org\/{rel}","templated":true}]}}