{"id":149,"date":"2021-03-15T12:16:00","date_gmt":"2021-03-15T11:16:00","guid":{"rendered":"http:\/\/int-strupen.sandsdalen.net\/?page_id=149"},"modified":"2022-03-13T20:18:45","modified_gmt":"2022-03-13T19:18:45","slug":"informasjonskriv-fra-strupen-utviklingslag-2020-21","status":"publish","type":"page","link":"https:\/\/www.strupen.no\/index.php\/informasjonskriv-fra-strupen-utviklingslag-2020-21\/","title":{"rendered":"INFORMASJONSKRIV FRA STRUPEN UTVIKLINGSLAG 2020\/21"},"content":{"rendered":"\n<p><strong>Strupen Utviklingslag har i 2020 hatt en noe amputert aktivitet, slik som s\u00e5 mange andre lag og foreninger. Vi h\u00e5per alle at det vil bli mulighet for \u00e5 arrangere tilstelninger for medlemmer og st\u00f8ttemedlemmer i l\u00f8pet av \u00e5ret.<\/strong><\/p>\n\n\n\n<p>Av fjor\u00e5rets planlagte tilstelninger m\u00e5tte b\u00e5de Gullstrupen og grilldagen ved Juksavatn utg\u00e5. 17 mai toget og fakkeltoget p\u00e5 nytt\u00e5rsaften fikk vi gjennomf\u00f8rt. Riktignok med noen f\u00e6rre deltagere enn tidligere. Lagets medlemmer la allikevel ned en betydelig dugnadsinnsats ved Juksavatn og nede i bygda gjennom \u00e5ret.<\/p>\n\n\n\n<p>Ved Juksavatn vasket vi toalettet jevnlig, s\u00f8rget for toalettpapir, bestilte og fikk utf\u00f8rt t\u00f8mming av b\u00e5de doen og s\u00f8ppel containeren. S\u00f8ppel containeren m\u00e5tte vi f\u00e5 t\u00f8mt p\u00e5 bakken og 4 av lagets medlemmer m\u00e5tte gjennoms\u00f8ke all s\u00f8pla p.g.a at en eller annen hadde kastet 17 stk skarpe rifleskudd og noe udetonert fyrverkeri i containeren. Denne opplevelsen skulle vi gjerne v\u00e6rt foruten, da slikt kan utgj\u00f8re en betydelig fare.<\/p>\n\n\n\n<p>Vi kappet ogs\u00e5 ved og i tillegg til noe innkj\u00f8pt ved, forsynte vi begge gapahukene og b\u00e5t -utsett plassen med ved gjennom sommeren og h\u00f8sten. Ellers t\u00f8mte vi s\u00f8ppel, ryddet og holdt orden rundt vannet og gapahukene. Det ble plantet i blomsterurnene og vi bidro ogs\u00e5 ved utsett og opptak av flytebrygga. I tillegg mange mindre gj\u00f8rem\u00e5l for \u00e5 holde trivselsgrunnlaget for omr\u00e5dets brukere oppe.<\/p>\n\n\n\n<p>Nede i bygda ryddet vi s\u00f8ppel etter veien og i veigr\u00f8ftene gjennom hele sommeren. Sigurdfj\u00f8set fikk ogs\u00e5 sine dugnadstimer og selve husdyr-rommet har ogs\u00e5 snart f\u00e5tt sin oppgradering ferdig. Det gamle falleferdige sauehuset ved siden av Sigurdfj\u00f8set er ogs\u00e5 revet og fjernet. Partyteltet har v\u00e6rt utleid 1 gang i sommer.<\/p>\n\n\n\n<p>Utviklingslaget har v\u00e6rt en p\u00e5driver for \u00e5 f\u00e5 bedret mobildekningen i omr\u00e5det. Det var forespeilet oss at ny basestasjon skulle v\u00e6re p\u00e5 plass og i drift den 31.12.20. Dette skjedde dessverre ikke og ny dato for ferdigstillelse er innen 30.06.21<\/p>\n\n\n\n<p>Utviklingslaget har ogs\u00e5 v\u00e6rt med p\u00e5 befaring sammen med Ishavskysten friluftsr\u00e5d og to landskapsarkitekter for \u00e5 vurdere trase for rullestolsti fra parkeringsplassen og ut til Langnesodden. Om dette tiltaket blir realisert og eventuelt n\u00e5r, er ikke avgjort enn\u00e5.<\/p>\n\n\n\n<p>\u00d8konomien i laget er god og vi setter stor pris p\u00e5 alle bidrag.<\/p>\n\n\n\n<p>Laget har i h\u00f8st mottatt en gave p\u00e5 10&nbsp;000 kr som \u00f8remerkes trivsels tiltak ved Juksavatn. Medlemskontingent og grasrotandelen er andre store inntektskilder hvor grasrotandelen utgj\u00f8r den st\u00f8rste med kr. 69&nbsp;820,29. Styret i laget er mildt sagt overveldet over all st\u00f8tten som blir vist laget.<\/p>\n\n\n\n<p>Selv om det ser noe m\u00f8rkt ut i skrivende stund h\u00e5per vi \u00e5 kunne arrangere Gullstrupen i l\u00f8pet av april. I august satser vi p\u00e5 kunne arrangere grilldag for medlemmer og st\u00f8ttemedlemmer ved Juksavatn. Invitasjoner med info blir sendt ut hvis det blir aktuelt.<\/p>\n\n\n\n<p>Utviklingslaget vil ogs\u00e5 i \u00e5r utf\u00f8re dugnadsarbeid ved Juksavatnet i henhold til avtale med Balsfjord kommune. Dvs. s\u00f8rge for ved til gapahukene, vasking av toalett, t\u00f8mming av s\u00f8ppel, utsett og opptak av flytebrygge og generelt vedlikehold og rydding. I tillegg kommer eventuelle oppdrag i henhold til tiltaksplan fra friluftsr\u00e5det. Nede i bygda vil vi rydde s\u00f8ppel etter veien og gr\u00f8ftene fra H\u00f8gda til Juksavatnet. P\u00e5 Sigurdfj\u00f8set gjenst\u00e5r det ogs\u00e5 noe arbeid som laget skal utf\u00f8re. Det er blant annet diverse snekkerarbeid, mur pussing og maling.<\/p>\n\n\n\n<p>Laget byttet leder i h\u00f8st fordi dav\u00e6rende leder flyttet fra bygda. Nestleder Oddvar Sommervik-Olavsen overtok da lederansvaret og ble p\u00e5 sist \u00e5rsm\u00f8te valgt til leder for det kommende \u00e5ret.<\/p>\n\n\n\n<p>Resten av styret best\u00e5r av:<\/p>\n\n\n\n<ul class=\"wp-block-list\"><li>nestleder Konrad Faljord<\/li><li>sekret\u00e6r Randi Olavsen-Sommervik<\/li><li>kasserer Emmy Bryntesen<\/li><li>styremedlem Svend Harald Stensland<\/li><li>varamedlemer Siv Heggem Bj\u00f8rklund og Peder Vonheim.<\/li><\/ul>\n\n\n\n<p><strong>Styret takker hjerteligst alle bidragsytere, sponsorer, samarbeidspartnere, medlemmer og st\u00f8ttemedlemmer for \u00e5ret som er g\u00e5tt og h\u00e5per p\u00e5 at alle \u00f8nsker \u00e5 st\u00f8tte laget det kommende \u00e5ret ogs\u00e5.<\/strong><\/p>\n\n\n\n<p>Kontingentpriser: Fullt medlemskap iht. vedtektene: kr. 300,- St\u00f8ttemedlem enkel: kr 200,- St\u00f8ttemedlem familie: kr. 300,-<\/p>\n\n\n\n<p>Kontingent kan betales inn p\u00e5 konto: 4776 18 82879 eller vipps: 118567 Kan ogs\u00e5 betales kontant til et av styrets medlemmer.<\/p>\n\n\n\n<p>Med vennligst hilsen Styret i Strupen Utviklingslag<\/p>\n","protected":false},"excerpt":{"rendered":"<p>Strupen Utviklingslag har i 2020 hatt en noe amputert aktivitet, slik som s\u00e5 mange andre lag og foreninger. Vi h\u00e5per alle at det vil bli mulighet for \u00e5 arrangere tilstelninger for medlemmer og st\u00f8ttemedlemmer i l\u00f8pet av \u00e5ret. Av fjor\u00e5rets planlagte tilstelninger m\u00e5tte b\u00e5de Gullstrupen og grilldagen ved Juksavatn utg\u00e5. 17 mai toget og fakkeltoget&hellip; <a class=\"more-link\" href=\"https:\/\/www.strupen.no\/index.php\/informasjonskriv-fra-strupen-utviklingslag-2020-21\/\">Fortsett \u00e5 lese <span class=\"screen-reader-text\">INFORMASJONSKRIV FRA STRUPEN UTVIKLINGSLAG 2020\/21<\/span><\/a><\/p>\n","protected":false},"author":1,"featured_media":0,"parent":0,"menu_order":0,"comment_status":"closed","ping_status":"closed","template":"","meta":{"footnotes":""},"categories":[9],"tags":[],"class_list":["post-149","page","type-page","status-publish","hentry","category-informasjon","entry"],"_links":{"self":[{"href":"https:\/\/www.strupen.no\/index.php\/wp-json\/wp\/v2\/pages\/149","targetHints":{"allow":["GET"]}}],"collection":[{"href":"https:\/\/www.strupen.no\/index.php\/wp-json\/wp\/v2\/pages"}],"about":[{"href":"https:\/\/www.strupen.no\/index.php\/wp-json\/wp\/v2\/types\/page"}],"author":[{"embeddable":true,"href":"https:\/\/www.strupen.no\/index.php\/wp-json\/wp\/v2\/users\/1"}],"replies":[{"embeddable":true,"href":"https:\/\/www.strupen.no\/index.php\/wp-json\/wp\/v2\/comments?post=149"}],"version-history":[{"count":1,"href":"https:\/\/www.strupen.no\/index.php\/wp-json\/wp\/v2\/pages\/149\/revisions"}],"predecessor-version":[{"id":150,"href":"https:\/\/www.strupen.no\/index.php\/wp-json\/wp\/v2\/pages\/149\/revisions\/150"}],"wp:attachment":[{"href":"https:\/\/www.strupen.no\/index.php\/wp-json\/wp\/v2\/media?parent=149"}],"wp:term":[{"taxonomy":"category","embeddable":true,"href":"https:\/\/www.strupen.no\/index.php\/wp-json\/wp\/v2\/categories?post=149"},{"taxonomy":"post_tag","embeddable":true,"href":"https:\/\/www.strupen.no\/index.php\/wp-json\/wp\/v2\/tags?post=149"}],"curies":[{"name":"wp","href":"https:\/\/api.w.org\/{rel}","templated":true}]}}