{"id":104,"date":"2021-09-15T19:49:04","date_gmt":"2021-09-15T17:49:04","guid":{"rendered":"http:\/\/int-strupen.sandsdalen.net\/?page_id=104"},"modified":"2021-09-21T13:26:53","modified_gmt":"2021-09-21T11:26:53","slug":"grasrotandelen-2","status":"publish","type":"page","link":"https:\/\/www.strupen.no\/index.php\/grasrotandelen-2\/","title":{"rendered":"Grasrotandelen"},"content":{"rendered":"\n<div class=\"wp-block-image\"><figure class=\"aligncenter size-large\"><img loading=\"lazy\" decoding=\"async\" width=\"242\" height=\"209\" src=\"https:\/\/www.strupen.no\/wp-content\/uploads\/2021\/07\/grasrotandelen.jpg\" alt=\"\" class=\"wp-image-61\"\/><\/figure><\/div>\n\n\n\n<h2 class=\"wp-block-heading\">Vil du gi din st\u00f8tte til STRUPEN UTVIKLINGSLAG?<\/h2>\n\n\n\n<p>Grasrotandelen gir deg som spiller mulighet til \u00e5 bestemme hvem som skal motta noe av overskuddet til Norsk Tipping. Hver gang du spiller kan du velge \u00e5 st\u00f8tte det laget eller foreningen du mener fortjener det mest. Vi oppfordrer deg til \u00e5 st\u00f8tte oss i STRUPEN UTVIKLINGSLAG.<\/p>\n\n\n\n<p>For \u00e5 v\u00e6re grasrotgiver m\u00e5 du v\u00e6re kunde hos Norsk Tipping.<\/p>\n\n\n\n<p>Ved spill hos Norsk Tipping vil inntil 5 prosent* av spillinnsatsen g\u00e5 direkte til din grasrotmottaker, og best av alt, hverken innsats, premie eller vinnersjanse reduseres.<\/p>\n\n\n\n<p>Grasrotandelen gjelder for alle Norsk Tippings spill, bortsett fra Flax, Extra og Belago.<\/p>\n\n\n\n<p>Gjennom \u00e5 v\u00e6re grasrotgiver er du med p\u00e5 \u00e5 oppfylle sm\u00e5 og store dr\u00f8mmer for din grasrotmottaker.<\/p>\n\n\n\n<p>Du kan bli grasrotgiver p\u00e5 en av f\u00f8lgende m\u00e5ter:<\/p>\n\n\n\n<ul class=\"wp-block-list\"><li>Hos kommisjon\u00e6ren<\/li><li>Mobilspill<\/li><li>Norsk Tipping sine nettsider<\/li><li>SMS, send Grasrotandelen <strong>915447848<\/strong> til&nbsp; <strong>2020<\/strong><\/li><\/ul>\n\n\n\n<p>For mer informasjon se <a href=\"http:\/\/www.norsk-tipping.no\">www.norsk-tipping.no<\/a><\/p>\n\n\n\n<p><em>*For Multix og Instaspill gjelder annen beregning<\/em><\/p>\n","protected":false},"excerpt":{"rendered":"<p>Vil du gi din st\u00f8tte til STRUPEN UTVIKLINGSLAG? Grasrotandelen gir deg som spiller mulighet til \u00e5 bestemme hvem som skal motta noe av overskuddet til Norsk Tipping. Hver gang du spiller kan du velge \u00e5 st\u00f8tte det laget eller foreningen du mener fortjener det mest. Vi oppfordrer deg til \u00e5 st\u00f8tte oss i STRUPEN UTVIKLINGSLAG.&hellip; <a class=\"more-link\" href=\"https:\/\/www.strupen.no\/index.php\/grasrotandelen-2\/\">Fortsett \u00e5 lese <span class=\"screen-reader-text\">Grasrotandelen<\/span><\/a><\/p>\n","protected":false},"author":1,"featured_media":0,"parent":0,"menu_order":0,"comment_status":"closed","ping_status":"closed","template":"","meta":{"footnotes":""},"categories":[],"tags":[],"class_list":["post-104","page","type-page","status-publish","hentry","entry"],"_links":{"self":[{"href":"https:\/\/www.strupen.no\/index.php\/wp-json\/wp\/v2\/pages\/104","targetHints":{"allow":["GET"]}}],"collection":[{"href":"https:\/\/www.strupen.no\/index.php\/wp-json\/wp\/v2\/pages"}],"about":[{"href":"https:\/\/www.strupen.no\/index.php\/wp-json\/wp\/v2\/types\/page"}],"author":[{"embeddable":true,"href":"https:\/\/www.strupen.no\/index.php\/wp-json\/wp\/v2\/users\/1"}],"replies":[{"embeddable":true,"href":"https:\/\/www.strupen.no\/index.php\/wp-json\/wp\/v2\/comments?post=104"}],"version-history":[{"count":3,"href":"https:\/\/www.strupen.no\/index.php\/wp-json\/wp\/v2\/pages\/104\/revisions"}],"predecessor-version":[{"id":164,"href":"https:\/\/www.strupen.no\/index.php\/wp-json\/wp\/v2\/pages\/104\/revisions\/164"}],"wp:attachment":[{"href":"https:\/\/www.strupen.no\/index.php\/wp-json\/wp\/v2\/media?parent=104"}],"wp:term":[{"taxonomy":"category","embeddable":true,"href":"https:\/\/www.strupen.no\/index.php\/wp-json\/wp\/v2\/categories?post=104"},{"taxonomy":"post_tag","embeddable":true,"href":"https:\/\/www.strupen.no\/index.php\/wp-json\/wp\/v2\/tags?post=104"}],"curies":[{"name":"wp","href":"https:\/\/api.w.org\/{rel}","templated":true}]}}